{"id":123,"date":"2015-06-17T23:20:11","date_gmt":"2015-06-17T21:20:11","guid":{"rendered":"http:\/\/www.sonja-kunst.de\/?page_id=123"},"modified":"2022-12-30T14:25:09","modified_gmt":"2022-12-30T13:25:09","slug":"werke-2014","status":"publish","type":"page","link":"https:\/\/www.sonja-kunst.de\/?page_id=123","title":{"rendered":"Jahrhundertw\u00e4nde"},"content":{"rendered":"<p><img loading=\"lazy\" decoding=\"async\" class=\"aligncenter wp-image-642 size-large\" src=\"http:\/\/www.sonja-kunst.de\/wp-content\/uploads\/2018\/05\/2018-05-fine-art-Ausstellungsplakat-Einladung_knoop-714x1024.jpg\" alt=\"\" width=\"640\" height=\"918\" srcset=\"https:\/\/www.sonja-kunst.de\/wp-content\/uploads\/2018\/05\/2018-05-fine-art-Ausstellungsplakat-Einladung_knoop-714x1024.jpg 714w, https:\/\/www.sonja-kunst.de\/wp-content\/uploads\/2018\/05\/2018-05-fine-art-Ausstellungsplakat-Einladung_knoop-105x150.jpg 105w, https:\/\/www.sonja-kunst.de\/wp-content\/uploads\/2018\/05\/2018-05-fine-art-Ausstellungsplakat-Einladung_knoop-209x300.jpg 209w, https:\/\/www.sonja-kunst.de\/wp-content\/uploads\/2018\/05\/2018-05-fine-art-Ausstellungsplakat-Einladung_knoop-768x1101.jpg 768w, https:\/\/www.sonja-kunst.de\/wp-content\/uploads\/2018\/05\/2018-05-fine-art-Ausstellungsplakat-Einladung_knoop.jpg 793w\" sizes=\"auto, (max-width: 640px) 100vw, 640px\" \/><\/p>\n<p>Die Grundlage meiner &#8222;Jahrhundertw\u00e4nde&#8220; habe ich 2016 durch Zufall nach Renovierungsarbeiten des Eigent\u00fcmers im zu meinem Atelier geh\u00f6renden Innenhof gefunden: eine uralte Bretterwand, Format etwa 2,20 x 5 m, die vielfach und beidseitig mit Sackleinen, uralten Zeitungen, Tapeten und Bord\u00fcren versehen war. Sie teilte mindestens 120 Jahre einen Raum in zwei Teile, denn die \u00e4ltesten Zeitungen datierten um 1890.<\/p>\n<p>Somit war der Name &#8222;Jahrhundertw\u00e4nde&#8220; schnell gefunden. Mindestens zwei Jahrhundertwenden und damit auch eine Jahrtausendwende hatten die Balken schon als Zimmerwand hinter sich &#8211;  es wurde Zeit, ihnen neue Leben als Kunstobjekte einzuhauchen!  Ich s\u00e4gte die Wand in handliche St\u00fccke von bis zu 1 x 1 m, und schon konnte es losgehen:<\/p>\n<p><strong>Jahrhundertw\u00e4nde<\/strong><\/p>\n<p>Die ersten W\u00e4nde, der Einfachheit halber Jahrhundertw\u00e4nde I genannt, habe ich komplett von Beschichtungen befreit. Alle meine Jahrhundertw\u00e4nde haben, wie es bei W\u00e4nden so \u00fcblich ist, zwei Seiten.<\/p>\n<p><img loading=\"lazy\" decoding=\"async\" class=\"aligncenter wp-image-517 size-large\" src=\"http:\/\/www.sonja-kunst.de\/wp-content\/uploads\/2017\/03\/1-IMG_0115-1021x1024.jpg\" alt=\"\" width=\"640\" height=\"642\" srcset=\"https:\/\/www.sonja-kunst.de\/wp-content\/uploads\/2017\/03\/1-IMG_0115-1021x1024.jpg 1021w, https:\/\/www.sonja-kunst.de\/wp-content\/uploads\/2017\/03\/1-IMG_0115-150x150.jpg 150w, https:\/\/www.sonja-kunst.de\/wp-content\/uploads\/2017\/03\/1-IMG_0115-300x300.jpg 300w, https:\/\/www.sonja-kunst.de\/wp-content\/uploads\/2017\/03\/1-IMG_0115-768x770.jpg 768w\" sizes=\"auto, (max-width: 640px) 100vw, 640px\" \/><\/p>\n<p><img loading=\"lazy\" decoding=\"async\" class=\"aligncenter wp-image-536 size-large\" src=\"http:\/\/www.sonja-kunst.de\/wp-content\/uploads\/2017\/03\/1-IMG_0146-1-1024x1006.jpg\" alt=\"\" width=\"640\" height=\"629\" srcset=\"https:\/\/www.sonja-kunst.de\/wp-content\/uploads\/2017\/03\/1-IMG_0146-1-1024x1006.jpg 1024w, https:\/\/www.sonja-kunst.de\/wp-content\/uploads\/2017\/03\/1-IMG_0146-1-150x147.jpg 150w, https:\/\/www.sonja-kunst.de\/wp-content\/uploads\/2017\/03\/1-IMG_0146-1-300x295.jpg 300w, https:\/\/www.sonja-kunst.de\/wp-content\/uploads\/2017\/03\/1-IMG_0146-1-768x755.jpg 768w\" sizes=\"auto, (max-width: 640px) 100vw, 640px\" \/><img loading=\"lazy\" decoding=\"async\" class=\"aligncenter wp-image-534 size-large\" src=\"http:\/\/www.sonja-kunst.de\/wp-content\/uploads\/2017\/03\/1-IMG_0148-1024x1024.jpg\" alt=\"\" width=\"640\" height=\"640\" srcset=\"https:\/\/www.sonja-kunst.de\/wp-content\/uploads\/2017\/03\/1-IMG_0148-1024x1024.jpg 1024w, https:\/\/www.sonja-kunst.de\/wp-content\/uploads\/2017\/03\/1-IMG_0148-150x150.jpg 150w, https:\/\/www.sonja-kunst.de\/wp-content\/uploads\/2017\/03\/1-IMG_0148-300x300.jpg 300w, https:\/\/www.sonja-kunst.de\/wp-content\/uploads\/2017\/03\/1-IMG_0148-768x769.jpg 768w\" sizes=\"auto, (max-width: 640px) 100vw, 640px\" \/><\/p>\n<p><img loading=\"lazy\" decoding=\"async\" class=\"aligncenter wp-image-557 size-large\" src=\"http:\/\/www.sonja-kunst.de\/wp-content\/uploads\/2017\/03\/1-IMG_0197-1017x1024.jpg\" alt=\"\" width=\"640\" height=\"644\" srcset=\"https:\/\/www.sonja-kunst.de\/wp-content\/uploads\/2017\/03\/1-IMG_0197-1017x1024.jpg 1017w, https:\/\/www.sonja-kunst.de\/wp-content\/uploads\/2017\/03\/1-IMG_0197-150x150.jpg 150w, https:\/\/www.sonja-kunst.de\/wp-content\/uploads\/2017\/03\/1-IMG_0197-298x300.jpg 298w, https:\/\/www.sonja-kunst.de\/wp-content\/uploads\/2017\/03\/1-IMG_0197-768x773.jpg 768w\" sizes=\"auto, (max-width: 640px) 100vw, 640px\" \/><img loading=\"lazy\" decoding=\"async\" class=\"aligncenter wp-image-556 size-large\" src=\"http:\/\/www.sonja-kunst.de\/wp-content\/uploads\/2017\/03\/1-IMG_0194-1024x1003.jpg\" alt=\"\" width=\"640\" height=\"627\" srcset=\"https:\/\/www.sonja-kunst.de\/wp-content\/uploads\/2017\/03\/1-IMG_0194-1024x1003.jpg 1024w, https:\/\/www.sonja-kunst.de\/wp-content\/uploads\/2017\/03\/1-IMG_0194-150x147.jpg 150w, https:\/\/www.sonja-kunst.de\/wp-content\/uploads\/2017\/03\/1-IMG_0194-300x294.jpg 300w, https:\/\/www.sonja-kunst.de\/wp-content\/uploads\/2017\/03\/1-IMG_0194-768x752.jpg 768w\" sizes=\"auto, (max-width: 640px) 100vw, 640px\" \/><\/p>\n<p><img loading=\"lazy\" decoding=\"async\" class=\"aligncenter wp-image-559 size-large\" src=\"http:\/\/www.sonja-kunst.de\/wp-content\/uploads\/2017\/03\/1-IMG_0202-862x1024.jpg\" alt=\"\" width=\"640\" height=\"760\" srcset=\"https:\/\/www.sonja-kunst.de\/wp-content\/uploads\/2017\/03\/1-IMG_0202-862x1024.jpg 862w, https:\/\/www.sonja-kunst.de\/wp-content\/uploads\/2017\/03\/1-IMG_0202-126x150.jpg 126w, https:\/\/www.sonja-kunst.de\/wp-content\/uploads\/2017\/03\/1-IMG_0202-253x300.jpg 253w, https:\/\/www.sonja-kunst.de\/wp-content\/uploads\/2017\/03\/1-IMG_0202-768x912.jpg 768w\" sizes=\"auto, (max-width: 640px) 100vw, 640px\" \/><img loading=\"lazy\" decoding=\"async\" class=\"aligncenter wp-image-558 size-large\" src=\"http:\/\/www.sonja-kunst.de\/wp-content\/uploads\/2017\/03\/1-IMG_0201-864x1024.jpg\" alt=\"\" width=\"640\" height=\"759\" srcset=\"https:\/\/www.sonja-kunst.de\/wp-content\/uploads\/2017\/03\/1-IMG_0201-864x1024.jpg 864w, https:\/\/www.sonja-kunst.de\/wp-content\/uploads\/2017\/03\/1-IMG_0201-127x150.jpg 127w, https:\/\/www.sonja-kunst.de\/wp-content\/uploads\/2017\/03\/1-IMG_0201-253x300.jpg 253w, https:\/\/www.sonja-kunst.de\/wp-content\/uploads\/2017\/03\/1-IMG_0201-768x911.jpg 768w\" sizes=\"auto, (max-width: 640px) 100vw, 640px\" \/><\/p>\n<p><img loading=\"lazy\" decoding=\"async\" class=\"aligncenter wp-image-561 size-large\" src=\"http:\/\/www.sonja-kunst.de\/wp-content\/uploads\/2017\/03\/1-IMG_0210-889x1024.jpg\" alt=\"\" width=\"640\" height=\"737\" srcset=\"https:\/\/www.sonja-kunst.de\/wp-content\/uploads\/2017\/03\/1-IMG_0210-889x1024.jpg 889w, https:\/\/www.sonja-kunst.de\/wp-content\/uploads\/2017\/03\/1-IMG_0210-130x150.jpg 130w, https:\/\/www.sonja-kunst.de\/wp-content\/uploads\/2017\/03\/1-IMG_0210-260x300.jpg 260w, https:\/\/www.sonja-kunst.de\/wp-content\/uploads\/2017\/03\/1-IMG_0210-768x885.jpg 768w\" sizes=\"auto, (max-width: 640px) 100vw, 640px\" \/><img loading=\"lazy\" decoding=\"async\" class=\"aligncenter wp-image-560 size-large\" src=\"http:\/\/www.sonja-kunst.de\/wp-content\/uploads\/2017\/03\/1-IMG_0208-866x1024.jpg\" alt=\"\" width=\"640\" height=\"757\" srcset=\"https:\/\/www.sonja-kunst.de\/wp-content\/uploads\/2017\/03\/1-IMG_0208-866x1024.jpg 866w, https:\/\/www.sonja-kunst.de\/wp-content\/uploads\/2017\/03\/1-IMG_0208-127x150.jpg 127w, https:\/\/www.sonja-kunst.de\/wp-content\/uploads\/2017\/03\/1-IMG_0208-254x300.jpg 254w, https:\/\/www.sonja-kunst.de\/wp-content\/uploads\/2017\/03\/1-IMG_0208-768x908.jpg 768w\" sizes=\"auto, (max-width: 640px) 100vw, 640px\" \/><\/p>\n<p><img loading=\"lazy\" decoding=\"async\" class=\"aligncenter wp-image-563 size-large\" src=\"http:\/\/www.sonja-kunst.de\/wp-content\/uploads\/2017\/03\/1-IMG_0215-895x1024.jpg\" alt=\"\" width=\"640\" height=\"732\" srcset=\"https:\/\/www.sonja-kunst.de\/wp-content\/uploads\/2017\/03\/1-IMG_0215-895x1024.jpg 895w, https:\/\/www.sonja-kunst.de\/wp-content\/uploads\/2017\/03\/1-IMG_0215-131x150.jpg 131w, https:\/\/www.sonja-kunst.de\/wp-content\/uploads\/2017\/03\/1-IMG_0215-262x300.jpg 262w, https:\/\/www.sonja-kunst.de\/wp-content\/uploads\/2017\/03\/1-IMG_0215-768x879.jpg 768w\" sizes=\"auto, (max-width: 640px) 100vw, 640px\" \/><img loading=\"lazy\" decoding=\"async\" class=\"aligncenter wp-image-562 size-large\" src=\"http:\/\/www.sonja-kunst.de\/wp-content\/uploads\/2017\/03\/1-IMG_0212-870x1024.jpg\" alt=\"\" width=\"640\" height=\"753\" srcset=\"https:\/\/www.sonja-kunst.de\/wp-content\/uploads\/2017\/03\/1-IMG_0212-870x1024.jpg 870w, https:\/\/www.sonja-kunst.de\/wp-content\/uploads\/2017\/03\/1-IMG_0212-127x150.jpg 127w, https:\/\/www.sonja-kunst.de\/wp-content\/uploads\/2017\/03\/1-IMG_0212-255x300.jpg 255w, https:\/\/www.sonja-kunst.de\/wp-content\/uploads\/2017\/03\/1-IMG_0212-768x904.jpg 768w\" sizes=\"auto, (max-width: 640px) 100vw, 640px\" \/><\/p>\n<p><img loading=\"lazy\" decoding=\"async\" class=\"aligncenter wp-image-630 size-large\" src=\"http:\/\/www.sonja-kunst.de\/wp-content\/uploads\/2018\/04\/1-IMG_0260-1024x997.jpg\" alt=\"\" width=\"640\" height=\"623\" srcset=\"https:\/\/www.sonja-kunst.de\/wp-content\/uploads\/2018\/04\/1-IMG_0260-1024x997.jpg 1024w, https:\/\/www.sonja-kunst.de\/wp-content\/uploads\/2018\/04\/1-IMG_0260-150x146.jpg 150w, https:\/\/www.sonja-kunst.de\/wp-content\/uploads\/2018\/04\/1-IMG_0260-300x292.jpg 300w, https:\/\/www.sonja-kunst.de\/wp-content\/uploads\/2018\/04\/1-IMG_0260-768x748.jpg 768w\" sizes=\"auto, (max-width: 640px) 100vw, 640px\" \/><img loading=\"lazy\" decoding=\"async\" class=\"aligncenter wp-image-629 size-large\" src=\"http:\/\/www.sonja-kunst.de\/wp-content\/uploads\/2018\/04\/1-IMG_0261-1024x928.jpg\" alt=\"\" width=\"640\" height=\"580\" srcset=\"https:\/\/www.sonja-kunst.de\/wp-content\/uploads\/2018\/04\/1-IMG_0261-1024x928.jpg 1024w, https:\/\/www.sonja-kunst.de\/wp-content\/uploads\/2018\/04\/1-IMG_0261-150x136.jpg 150w, https:\/\/www.sonja-kunst.de\/wp-content\/uploads\/2018\/04\/1-IMG_0261-300x272.jpg 300w, https:\/\/www.sonja-kunst.de\/wp-content\/uploads\/2018\/04\/1-IMG_0261-768x696.jpg 768w\" sizes=\"auto, (max-width: 640px) 100vw, 640px\" \/><\/p>\n<p><img loading=\"lazy\" decoding=\"async\" class=\"aligncenter wp-image-624 size-large\" src=\"http:\/\/www.sonja-kunst.de\/wp-content\/uploads\/2018\/04\/1-IMG_0252-811x1024.jpg\" alt=\"\" width=\"640\" height=\"808\" srcset=\"https:\/\/www.sonja-kunst.de\/wp-content\/uploads\/2018\/04\/1-IMG_0252-811x1024.jpg 811w, https:\/\/www.sonja-kunst.de\/wp-content\/uploads\/2018\/04\/1-IMG_0252-119x150.jpg 119w, https:\/\/www.sonja-kunst.de\/wp-content\/uploads\/2018\/04\/1-IMG_0252-238x300.jpg 238w, https:\/\/www.sonja-kunst.de\/wp-content\/uploads\/2018\/04\/1-IMG_0252-768x970.jpg 768w\" sizes=\"auto, (max-width: 640px) 100vw, 640px\" \/><img loading=\"lazy\" decoding=\"async\" class=\"aligncenter wp-image-623 size-large\" src=\"http:\/\/www.sonja-kunst.de\/wp-content\/uploads\/2018\/04\/1-IMG_0249-927x1024.jpg\" alt=\"\" width=\"640\" height=\"707\" srcset=\"https:\/\/www.sonja-kunst.de\/wp-content\/uploads\/2018\/04\/1-IMG_0249-927x1024.jpg 927w, https:\/\/www.sonja-kunst.de\/wp-content\/uploads\/2018\/04\/1-IMG_0249-136x150.jpg 136w, https:\/\/www.sonja-kunst.de\/wp-content\/uploads\/2018\/04\/1-IMG_0249-271x300.jpg 271w, https:\/\/www.sonja-kunst.de\/wp-content\/uploads\/2018\/04\/1-IMG_0249-768x849.jpg 768w\" sizes=\"auto, (max-width: 640px) 100vw, 640px\" \/><\/p>\n","protected":false},"excerpt":{"rendered":"<p>Die Grundlage meiner &#8222;Jahrhundertw\u00e4nde&#8220; habe ich 2016 durch Zufall nach Renovierungsarbeiten des Eigent\u00fcmers im zu meinem Atelier geh\u00f6renden Innenhof gefunden: eine uralte Bretterwand, Format etwa 2,20 x 5 m, die vielfach und beidseitig mit Sackleinen, uralten Zeitungen, Tapeten und Bord\u00fcren versehen war. Sie teilte mindestens 120 Jahre einen Raum in zwei Teile, denn die \u00e4ltesten &hellip;<\/p>\n<p class=\"read-more\"> <a class=\"\" href=\"https:\/\/www.sonja-kunst.de\/?page_id=123\"> <span class=\"screen-reader-text\">Jahrhundertw\u00e4nde<\/span> Weiterlesen &raquo;<\/a><\/p>\n","protected":false},"author":1,"featured_media":0,"parent":0,"menu_order":0,"comment_status":"closed","ping_status":"open","template":"","meta":{"_uag_custom_page_level_css":"","site-sidebar-layout":"default","site-content-layout":"","ast-site-content-layout":"","site-content-style":"default","site-sidebar-style":"default","ast-global-header-display":"","ast-banner-title-visibility":"","ast-main-header-display":"","ast-hfb-above-header-display":"","ast-hfb-below-header-display":"","ast-hfb-mobile-header-display":"","site-post-title":"","ast-breadcrumbs-content":"","ast-featured-img":"","footer-sml-layout":"","theme-transparent-header-meta":"","adv-header-id-meta":"","stick-header-meta":"","header-above-stick-meta":"","header-main-stick-meta":"","header-below-stick-meta":"","astra-migrate-meta-layouts":"","ast-page-background-enabled":"default","ast-page-background-meta":{"desktop":{"background-color":"var(--ast-global-color-4)","background-image":"","background-repeat":"repeat","background-position":"center center","background-size":"auto","background-attachment":"scroll","background-type":"","background-media":"","overlay-type":"","overlay-color":"","overlay-gradient":""},"tablet":{"background-color":"","background-image":"","background-repeat":"repeat","background-position":"center center","background-size":"auto","background-attachment":"scroll","background-type":"","background-media":"","overlay-type":"","overlay-color":"","overlay-gradient":""},"mobile":{"background-color":"","background-image":"","background-repeat":"repeat","background-position":"center center","background-size":"auto","background-attachment":"scroll","background-type":"","background-media":"","overlay-type":"","overlay-color":"","overlay-gradient":""}},"ast-content-background-meta":{"desktop":{"background-color":"var(--ast-global-color-5)","background-image":"","background-repeat":"repeat","background-position":"center center","background-size":"auto","background-attachment":"scroll","background-type":"","background-media":"","overlay-type":"","overlay-color":"","overlay-gradient":""},"tablet":{"background-color":"var(--ast-global-color-5)","background-image":"","background-repeat":"repeat","background-position":"center center","background-size":"auto","background-attachment":"scroll","background-type":"","background-media":"","overlay-type":"","overlay-color":"","overlay-gradient":""},"mobile":{"background-color":"var(--ast-global-color-5)","background-image":"","background-repeat":"repeat","background-position":"center center","background-size":"auto","background-attachment":"scroll","background-type":"","background-media":"","overlay-type":"","overlay-color":"","overlay-gradient":""}},"footnotes":""},"class_list":["post-123","page","type-page","status-publish","hentry"],"uagb_featured_image_src":{"full":false,"thumbnail":false,"medium":false,"medium_large":false,"large":false,"1536x1536":false,"2048x2048":false},"uagb_author_info":{"display_name":"sonja_admin","author_link":"https:\/\/www.sonja-kunst.de\/?author=1"},"uagb_comment_info":0,"uagb_excerpt":"Die Grundlage meiner &#8222;Jahrhundertw\u00e4nde&#8220; habe ich 2016 durch Zufall nach Renovierungsarbeiten des Eigent\u00fcmers im zu meinem Atelier geh\u00f6renden Innenhof gefunden: eine uralte Bretterwand, Format etwa 2,20 x 5 m, die vielfach und beidseitig mit Sackleinen, uralten Zeitungen, Tapeten und Bord\u00fcren versehen war. Sie teilte mindestens 120 Jahre einen Raum in zwei Teile, denn die \u00e4ltesten&hellip;","_links":{"self":[{"href":"https:\/\/www.sonja-kunst.de\/index.php?rest_route=\/wp\/v2\/pages\/123","targetHints":{"allow":["GET"]}}],"collection":[{"href":"https:\/\/www.sonja-kunst.de\/index.php?rest_route=\/wp\/v2\/pages"}],"about":[{"href":"https:\/\/www.sonja-kunst.de\/index.php?rest_route=\/wp\/v2\/types\/page"}],"author":[{"embeddable":true,"href":"https:\/\/www.sonja-kunst.de\/index.php?rest_route=\/wp\/v2\/users\/1"}],"replies":[{"embeddable":true,"href":"https:\/\/www.sonja-kunst.de\/index.php?rest_route=%2Fwp%2Fv2%2Fcomments&post=123"}],"version-history":[{"count":30,"href":"https:\/\/www.sonja-kunst.de\/index.php?rest_route=\/wp\/v2\/pages\/123\/revisions"}],"predecessor-version":[{"id":1344,"href":"https:\/\/www.sonja-kunst.de\/index.php?rest_route=\/wp\/v2\/pages\/123\/revisions\/1344"}],"wp:attachment":[{"href":"https:\/\/www.sonja-kunst.de\/index.php?rest_route=%2Fwp%2Fv2%2Fmedia&parent=123"}],"curies":[{"name":"wp","href":"https:\/\/api.w.org\/{rel}","templated":true}]}}